be the second derivative of -b**4/2 + b**3/2 + 216*b. Let x(o) = -9*h(o) - 2*n(o). What is x(1)?
1
Suppose -194*q + 235 + 170 = -59*q. Let r(k) = -k**3 - 3*k**2 + 19*k - 7. Determine r(q).
-4
Suppose 7*n + 6*m = 5*n + 70, 92 = 4*n - 4*m. Let k(o) = -2*o + 48. Determine k(n).
-4
Let r(i) = -i**3 + 10*i**2 - 4*i + 5. Suppose -5*j = 4*g - 21, 0 = -36*j + 38*j - 2. Give r(g).
85
Let c(o) be the second derivative of -o**4/12 + o**2/2 + o. Let l be -3*4/(-24)*(-4 - -4). Suppose l = 6*u + 104 - 104. Determine c(u).
1
Let a(w) = -37*w + 124. Let d(q) = -13*q + 43. Let v(x) = -6*a(x) + 17*d(x). Calculate v(0).
-13
Let g(i) = -3*i**2 - 22*i + 18. Suppose -16*x + 3*l = -17*x - 14, x + l = -10. Calculate g(x).
2
Let d be 1 - (2 - 1)*(-4 - -4). Let x(v) = 7*v**2 + 2*v**2 - 7*v**3 + 0*v**2 + 5*v**2 - 12*v**2 - 1. Determine x(d).
-6
Suppose -4*d + 16 + 8 = 0. Suppose 0 = 3*n - n + d. Let w(i) be the third derivative of i**5/60 - i**4/8 - 2*i**3/3 + 642*i**2. Calculate w(n).
14
Let m(y) = -y**2 - 1 + 74*y + 0*y**2 + 69*y - 147*y. Give m(-1).
2
Suppose -4*t + 5*q - 88 = 0, -5*t - 3*q - 127 = -54. Let p(w) = -w**3 - 18*w**2 - 18*w - 19. Determine p(t).
-2
Let n(m) = -m**2 - m. Let x(v) = -9*v - 132. Suppose -64 = 4*a - 2*o, -3*a + 4*a = o - 17. Let g be x(a). What is n(g)?
-12
Let u(d) = -25*d - 236 + 2*d**2 + 9*d + 133 + 126 - 3*d**2. Determine u(-16).
23
Let z(d) be the first derivative of d**5/20 - 4*d**4/3 - 17*d**3/6 + 124*d - 134. Let s(w) be the first derivative of z(w). Calculate s(17).
0
Suppose h - 25 = -4*h + 2*l, -4*h = -5*l - 20. Let k(w) = -18*w**2 + 9*w**2 - 4*w - w**3 + h*w**2 + 0*w**2 - 1. Give k(-4).
15
Let x(t) be the first derivative of 76 + 4634*t**2 - 4635*t**2 + 0*t - 7*t. What is x(-4)?
1
Let p(i) = -i + 6. Let k(f) = 6*f - 30. Let l(v) = 3*k(v) + 16*p(v). Let x(n) = 13*n + 122. Let u be x(-13). Let z be (3 - 2)*1 + (-51 - u). What is l(z)?
0
Suppose -2*a - 3*a = 5*p + 80, 3*a + 2*p = -44. Suppose 7 = 4*k + s, 9 = 2*s + 3. Let z be 20/a*3*k. Let n(v) = v**2 + 4*v + 3. Give n(z).
8
Let h be (-120)/42*((-55)/10 + 2). Let a(q) = h*q - 1 + 3*q - 16*q + 2*q. Determine a(-2).
1
Let g(x) be the second derivative of x**3 - 1/2*x**2 + 102*x + 1/4*x**4 + 0. Give g(-2).
-1
Let q(b) = b**2 - 8*b + 1. Suppose 5*m - 64 - 111 = 0. Suppose 289*y = 284*y + m. What is q(y)?
-6
Let m(d) be the first derivative of -2*d**3 - 29*d**2/2 - 5*d + 8765. What is m(-4)?
15
Suppose 347 - 209 = 69*x. Let r(p) = 18*p**2 - 3*p + 5. What is r(x)?
71
Let n(h) be the first derivative of 6 + 8*h + 1/2*h**2. Calculate n(-8).
0
Let y(s) = s**2 + 24*s + 144. Let u = -37 - -26. Let f be y(u). Let w(z) = 8*z**3 - 2*z**2 + z. Give w(f).
7
Suppose -92*s - 247 - 581 = 0. Let d(g) = -g**3 - 8*g**2 + 14*g + 21. What is d(s)?
-24
Let d = -31 + 34. Let t(p) = -6*p**2 - d*p + 0*p**2 + 5*p**2. Suppose -a - 3 = -5*k, a - 5*k + 6 = -a. What is t(a)?
0
Let i(j) be the second derivative of -j**4/4 - j**3/3 + 4*j**2 + 685*j. Determine i(3).
-25
Let x(b) = -37*b - 2 + 56*b - 21*b. Suppose 2*y + 8 = 0, 0*y + 24 = 5*i - y. Calculate x(i).
-10
Let k(j) = 5*j + 5. Let a(h) = 6*h + 6. Let z(w) = 6*a(w) - 7*k(w). Suppose -31*l = -l - 150. Determine z(l).
6
Suppose 5*k + 16 + 39 = 0. Let n(j) = -15*j + 11. Let o(t) be the third derivative of t**4/3 - t**3 - 11*t**2 + 7*t. Let d(m) = k*o(m) - 6*n(m). Determine d(4).
8
Let b(n) = 2*n**3 + 61*n**2 - 542*n + 117. Let t be b(7). Let w(f) = 2*f**3 - 2*f**3 - 2*f + f**3 + 1 - 2*f**2 - 3*f**3. Calculate w(t).
13
Let o = -90 + 84. Let q(y) = -6 + 11*y - 25*y + 13*y. Calculate q(o).
0
Let i(a) be the second derivative of a**3/2 - 13*a**2/2 - 2*a. Suppose 2*l - 38 = -7*d, -l + 73 = -3*d + 80. What is i(l)?
2
Let i(v) = 90591*v - 181167*v + 99 + 90597*v. Calculate i(-5).
-6
Let u(t) = -2*t**3 + 8*t**2 - 4*t - 8. Let f(r) = 124*r - 3467. Let v be f(28). Determine u(v).
-78
Let o(q) = q**2 + 6*q - 5. Let y = 10 - -29. Let j = y + -46. What is o(j)?
2
Let x(n) = n - 7. Let w be x(18). Suppose -3*s - w = d, 2*s - 7 = -3*d + 3*s. Let m(h) = 14*h + 10. Let p(g) = -g - 1. Let a(i) = -m(i) - 10*p(i). Give a(d).
-4
Suppose -4*m - 5*a - 22 = -5*m, -3*a + 30 = 3*m. Let p(b) = -m*b + 2 + 45*b - 17*b - 17*b. Suppose -27 = 5*w + 2*i, 4*w - 2*i - 3*i + 15 = 0. Calculate p(w).
7
Let z(x) be the third derivative of -x**6/120 + x**5/30 - x**3/2 - 4*x**2 + x - 116. Let p = 0 - -3. Determine z(p).
-12
Let b(k) = -33*k + 12. Let s(j) = -62*j + 21. Let p(d) = -9*b(d) + 5*s(d). Give p(-3).
36
Suppose 5*k + 3*j - 3 = 0, 4*j + 0 = 4. Let c(v) be the first derivative of -v**4/4 - v**2/2 + 13*v - 315. Determine c(k).
13
Let i(h) = -h - 2. Let j(u) = -10*u**3 + 7*u**2 - 8*u - 2. Let l(r) = -r**2 + r. Let k(w) = j(w) + 6*l(w). Let d be k(2). Let b = 84 + d. Calculate i(b).
-4
Suppose 0 = 11*w - w - 480. Suppose -44*q = -w*q - 4. Let p(f) = 9*f**2. What is p(q)?
9
Let l(k) = -5 - 104*k - 4*k**2 + 38*k - k**3 + 30*k + 31*k. Determine l(-4).
15
Let z(u) = 3*u + 21. Let t be z(-9). Let y(j) = -2*j**3 + 4*j**2 - 7*j - 3. Let v(o) = 3*o**3 - 8*o**2 + 16*o + 7. Let b(n) = 3*v(n) + 5*y(n). Determine b(t).
0
Let o(x) = -x**3 - 2*x**2. Let h(f) = -1 - f - 2*f**3 - 44 + 42 - 8*f**2. Let w(z) = -h(z) + o(z). What is w(-6)?
-3
Let m(p) be the first derivative of -p**3/3 + 7*p**2 + 2*p - 4760. What is m(14)?
2
Let w = 138 + -138. Suppose q = -w*s + 3*s, 0 = -5*q - s. Let c(a) = -303*a + a**3 + 2*a**2 - 3 + q*a**3 + 301*a. What is c(-2)?
1
Let s(y) = -2*y. Let f(z) = z - 222. Let k(t) = f(t) + 5*s(t). Let w be k(-25). Let r(p) = p**3 + 2*p**2 - 4*p. Calculate r(w).
33
Suppose -177 = 17*v - 262. Let f(c) be the first derivative of v*c + 0*c**2 + 1/3*c**3 + 17. What is f(0)?
5
Let a(n) = 13 + 1513*n - 1503*n + 1 + n**3 - 27 - 6*n**2. Give a(3).
-10
Suppose 6*y = 15 + 3. Let z(l) = 2*l**2 + 360*l**3 - 4*l + 2*l**2 - 361*l**y. Let a = -2 - -6. Calculate z(a).
-16
Let f(m) = -24*m. Let i(z) = 3*z**2 + 3*z + 3. Let t be i(-2). Let d be -53*6/t*36/(-12). Let p = -107 + d. What is f(p)?
24
Let v(h) be the first derivative of h**2/2 - 26*h + 1862. Give v(8).
-18
Let u(v) = 2*v**3 + 30*v**2 + 3*v - 2. Suppose 84 = -18*w - 17*w - 441. What is u(w)?
-47
Let o(j) = -6*j + 4. Let v(q) = -4*q + 3. Let i(y) = -3*o(y) + 4*v(y). Let s(p) = -10*p + 6. Let u(g) = -3*i(g) - s(g). Determine u(7).
22
Let u(l) = 9309*l + 3 - 14 - 9310*l + 9. Suppose -6*y + 8 = -2*y. What is u(y)?
-4
Let k(t) = 12*t - 21. Let p = -505 + 505. Give k(p).
-21
Let n(i) = 2*i - 64. Let o = 5214 - 5178. Determine n(o).
8
Let h be (-11)/(-4) + (-3)/4. Let f(w) = -7 + 8 - 55*w**2 + 51*w**2 - 1. Give f(h).
-16
Let a(o) = -o + 9. Let t(m) = -m**3 - 9*m**2 + 6*m - 23. Let p be t(-11). Let u = p + -141. Determine a(u).
-3
Let i(g) = -g**3 + 2*g**2 + g + 3. Let d = -45 + 47. Suppose 3*y - 1 = -4*o, -11 = -3*y - 2*y - d*o. Calculate i(y).
-3
Let o(j) = -j - 8. Let s(q) = q**3 + 10*q**2 - 10*q + 8. Let t be s(-11). Let v be t/2*3/9*0. Suppose 2*m = -f + 8, -8*f + 3*f - m + 4 = v. What is o(f)?
-8
Let b(z) = 332*z**2 + 12 - 10*z - 589*z**2 + 255*z**2. Calculate b(1).
0
Let g(j) be the first derivative of -j**2/2 - 24*j + 481. Let w = -8 + -2. Give g(w).
-14
Let w(z) = 2066*z**2 - 2067*z**2 + 24*z - 8*z - 18. Give w(16).
-18
Let c(z) be the first derivative of -z**2 - 24*z + 2. Suppose 124*r + 295*r = -6285. Calculate c(r).
6
Let t = 5653 + -5651. Let v(s) be the first derivative of 4/3*s**3 - 4 - 1/2*s**t + 1/4*s**4 - 4*s. What is v(-4)?
0
Let c(t) = -2*t**3 - 30 + 0*t**3 + 13 + 16 + t**3. Let w(o) = 6*o**3 + 10*o**2 + 8*o - 8. Let n(f) = 5*c(f) + w(f). Calculate n(-9).
-4
Let z(a) = a**2 - a - 1. Let l be (-111)/148 - -51*1/4. Suppose 0 = 15*p - 18*p + l. Determine z(p).
11
Suppose -3*k = 3*k + 42. Let r be (-30)/k - (-30)/(-105). Let m(j) = 8*j - 3 + 8*j + 21*j - 29*j. Give m(r).
29
Let t(n) = n**3 + 10*n**2 - 55*n + 74. Let o(g) = -g**2 - 2*g + 1. Let i(w) = -4*o(w) + t(w). Calculate i(-17).
2
Let y be 2/(-3 - (-35)/15) - -19. Let g be 3 - 8 - (-56)/(y + -8). Let q(p) = p**3 - 2*p + 3. What is q(g)?
7
Let t(b) be the third derivative of b**6/40 + b**5/60 - b**4/12 + b**3/6 - 3982*b**2 + 1. Calculate t(1).
3
Let f(h) = 6 - 44 - 20 - 55 - 4*h. Give f(-27).
-5
Let n(d) = d**3 + 4*d**2 - 8*d - 16. Let s be (-3 - 132/(-55))*(9 - -1). Give n(s).
-40
Let r(m) 